{"id":4527,"date":"2024-09-01T01:19:34","date_gmt":"2024-08-31T23:19:34","guid":{"rendered":"https:\/\/prueba.alfaomegainsurance.com\/?page_id=4527"},"modified":"2024-12-19T16:41:03","modified_gmt":"2024-12-19T15:41:03","slug":"ubicacion-china","status":"publish","type":"page","link":"https:\/\/vimafoods.com\/eng\/ubicacion-china\/","title":{"rendered":"China"},"content":{"rendered":"\t\t<div data-elementor-type=\"wp-page\" data-elementor-id=\"4527\" class=\"elementor elementor-4527\" data-elementor-settings=\"{&quot;ha_cmc_init_switcher&quot;:&quot;no&quot;}\" data-elementor-post-type=\"page\">\n\t\t\t\t<div class=\"elementor-element elementor-element-523807c5 e-flex e-con-boxed e-con e-parent\" data-id=\"523807c5\" data-element_type=\"container\" data-e-type=\"container\" data-settings=\"{&quot;_ha_eqh_enable&quot;:false}\">\n\t\t\t\t\t<div class=\"e-con-inner\">\n\t\t<div class=\"elementor-element elementor-element-4cf54652 e-con-full e-flex e-con e-child\" data-id=\"4cf54652\" data-element_type=\"container\" data-e-type=\"container\" data-settings=\"{&quot;_ha_eqh_enable&quot;:false}\">\n\t\t<div class=\"elementor-element elementor-element-4f9544bd e-grid e-con-boxed e-con e-child\" data-id=\"4f9544bd\" data-element_type=\"container\" data-e-type=\"container\" id=\"container-locations\" data-settings=\"{&quot;_ha_eqh_enable&quot;:false}\">\n\t\t\t\t\t<div class=\"e-con-inner\">\n\t\t\t\t<div class=\"elementor-element elementor-element-5db6c49 elementor-widget elementor-widget-text-editor\" data-id=\"5db6c49\" data-element_type=\"widget\" data-e-type=\"widget\" data-widget_type=\"text-editor.default\">\n\t\t\t\t<div class=\"elementor-widget-container\">\n\t\t\t\t\t\t\t\t\t<div class=\"info_location\"><h1>PRESENCIA INTERNACIONAL<\/h1><p>Contamos con empresas e instalaciones propias en varios pa\u00edses, lo que nos permite ofrecer un servicio de primer nivel cercano a nuestros clientes.<br \/><br \/>Trabajamos directamente con F\u00e1bricas y Proveedores en m\u00e1s de <strong>40 pa\u00edses<\/strong>, lo que refuerza nuestra posici\u00f3n global y asegura nuestra capacidad para identificar los productos de la mejor calidad para nuestros clientes.<\/p><\/div>\t\t\t\t\t\t\t\t<\/div>\n\t\t\t\t<\/div>\n\t\t\t\t<div class=\"elementor-element elementor-element-14417b39 elementor-widget elementor-widget-html\" data-id=\"14417b39\" data-element_type=\"widget\" data-e-type=\"widget\" data-widget_type=\"html.default\">\n\t\t\t\t<div class=\"elementor-widget-container\">\n\t\t\t\t\t<div id=\"myearth\" class=\"earth-container mycustomclass\" data-lat=\"36.09517766304842\" data-lng=\"120.38655781829789\">\r\n\t\r\n\t<div class=\"earth-marker\" data-lat=\"43.4354903886163\" data-lng=\"-8.366660581164203\" data-color=\"#025F99\" data-title=\"\" data-link=\"https:\/\/vimafoods.com\/ubicaciones\/\"><\/div>\r\n\t\r\n\t<div class=\"earth-marker\" data-lat=\"40.41830504749376\" data-lng=\"-3.69668217196465\" data-color=\"#025F99\" data-title=\"\" data-link=\"https:\/\/vimafoods.com\/ubicaciones\/\"><\/div>\r\n\t\r\n\t<div class=\"earth-marker\" data-lat=\"36.09517766304842\" data-lng=\"120.38655781829789\" data-color=\"#025F99\" data-title=\"\" data-link=\"https:\/\/vimafoods.com\/ubicacion-china\/\"><\/div>\r\n\t\r\n\t<div class=\"earth-marker\" data-lat=\"21.628787760516644\" data-lng=\"-79.01468182163886\" data-color=\"#025F99\" data-title=\"\" data-link=\"https:\/\/vimafoods.com\/ubicacion-cuba\/\"><\/div>\r\n\t\r\n\t<div class=\"earth-marker\" data-lat=\"9.069074787531193\" data-lng=\"-79.41562294332587\" data-color=\"#025F99\" data-title=\"\" data-link=\"https:\/\/vimafoods.com\/ubicacion-panama\/\"><\/div>\r\n\t\r\n\t<div class=\"earth-marker\" data-lat=\"9.093619947600592\" data-lng=\"-79.50348290123617\" data-color=\"#025F99\" data-title=\"\" data-link=\"https:\/\/vimafoods.com\/ubicacion-panama\/\"><\/div>\r\n\t\r\n\t<div class=\"earth-marker\" data-lat=\"40.784452069084715\" data-lng=\"-74.12873599292503\" data-color=\"#025F99\" data-title=\"\" data-link=\"https:\/\/vimafoods.com\/ubicacion-estados-unidos\/\"><\/div>\r\n\t\r\n\t<div class=\"earth-marker\" data-lat=\"40.73316877807669\" data-lng=\"-73.99685077510821\" data-color=\"#025F99\" data-title=\"\" data-link=\"https:\/\/vimafoods.com\/ubicacion-estados-unidos\/\"><\/div>\r\n\t\r\n\t<div class=\"earth-marker\" data-lat=\"25.75568829944866\" data-lng=\"-80.25807168421171\" data-color=\"#025F99\" data-title=\"\" data-link=\"https:\/\/vimafoods.com\/ubicacion-estados-unidos\/\"><\/div>\r\n\t\r\n\t<div class=\"earth-marker\" data-lat=\"18.581821528127378\" data-lng=\"-68.38895636660753\" data-color=\"#025F99\" data-title=\"\" data-link=\"https:\/\/vimafoods.com\/ubicacion-republica-dominicana\/\"><\/div>\r\n\t\r\n\t<div class=\"earth-marker\" data-lat=\"19.458243886275856\" data-lng=\"-70.69429512825502\" data-color=\"#025F99\" data-title=\"\" data-link=\"https:\/\/vimafoods.com\/ubicacion-republica-dominicana\/\"><\/div>\r\n\r\n\t<div class=\"earth-marker\" data-lat=\"18.443283265424736\" data-lng=\"-70.01342060947287\" data-color=\"#025F99\" data-title=\"\" data-link=\"https:\/\/vimafoods.com\/ubicacion-republica-dominicana\/\"><\/div>\r\n\t\r\n\t<div class=\"earth-marker\" data-lat=\"18.443284209456486\" data-lng=\"-70.01058621120069\" data-color=\"#025F99\" data-title=\"\" data-link=\"https:\/\/vimafoods.com\/ubicacion-republica-dominicana\/\"><\/div>\r\n\t\r\n\t<div class=\"earth-marker\" data-lat=\"19.436660742462\" data-lng=\"-99.20143162665103\" data-color=\"#025F99\" data-title=\"\" data-link=\"https:\/\/vimafoods.com\/ubicacion-mexico\/\"><\/div>\r\n\t\r\n\t<div class=\"earth-marker\" data-lat=\"20.98305120462292\" data-lng=\" -86.86896619792351\" data-color=\"#025F99\" data-title=\"\" data-link=\"https:\/\/vimafoods.com\/ubicacion-mexico\/\"><\/div>\r\n\t\r\n\t<div class=\"earth-marker\" data-lat=\"20.98305120462292\" data-lng=\"-86.86896619792351\" data-color=\"#025F99\" data-title=\"\" data-link=\"https:\/\/vimafoods.com\/ubicacion-mexico\/\"><\/div>\r\n\t\r\n\t<div class=\"earth-marker\" data-lat=\"19.720016253370044\" data-lng=\"-99.19654248046749\" data-color=\"#025F99\" data-title=\"\" data-link=\"https:\/\/vimafoods.com\/ubicacion-mexico\/\"><\/div>\r\n\t\r\n\t<div class=\"earth-marker\" data-lat=\"19.458221433426143\" data-lng=\"-99.16915369661243\" data-color=\"#025F99\" data-title=\"\" data-link=\"https:\/\/vimafoods.com\/ubicacion-mexico\/\"><\/div>\r\n\t\r\n\t<div class=\"earth-marker\" data-lat=\"25.816809102269218\" data-lng=\"-100.3983073214354\" data-color=\"#025F99\" data-title=\"\" data-link=\"https:\/\/vimafoods.com\/ubicacion-mexico\/\"><\/div>\r\n\t\r\n\t<div class=\"earth-marker\" data-lat=\"24.678254737062517\" data-lng=\"-107.44679826784287\" data-color=\"#025F99\" data-title=\"\" data-link=\"https:\/\/vimafoods.com\/ubicacion-mexico\/\"><\/div>\r\n\t\r\n\t\r\n\t<div class=\"earth-marker\" data-lat=\"6.781663675648853\" data-lng=\"-66.64575013313892\" data-color=\"#F2A900\" data-title=\"\"><\/div>\r\n\t<div class=\"earth-marker\" data-lat=\"3.366943578218676\" data-lng=\"-73.7929066658322\" data-color=\"#F2A900\" data-title=\"\"><\/div>\r\n\t<div class=\"earth-marker\" data-lat=\"24.63707922398575\" data-lng=\"-78.03311375793452\" data-color=\"#F2A900\" data-title=\"\"><\/div>\r\n\t<div class=\"earth-marker\" data-lat=\"-10.25499299978601\" data-lng=\"-75.39156023228654\" data-color=\"#F2A900\" data-title=\"\"><\/div>\r\n\t<div class=\"earth-marker\" data-lat=\"1.362046740752206\" data-lng=\"103.79616157101536\" data-color=\"#F2A900\" data-title=\"\"><\/div>\r\n\t<div class=\"earth-marker\" data-lat=\"10.472314364190481\" data-lng=\"-61.27753950888409\" data-color=\"#F2A900\" data-title=\"\"><\/div>\r\n\t<div class=\"earth-marker\" data-lat=\"24.46024775936358\" data-lng=\"54.384125994030455\" data-color=\"#F2A900\" data-title=\"\"><\/div>\r\n\r\n\t<div class=\"cont-dimensions\">\r\n\t\t<div class=\"head_info\">\r\n\t\t\t<P>Selecciona el Pin <img decoding=\"async\" src=\"https:\/\/vimafoods.com\/wp-content\/uploads\/2024\/09\/pin.png\" alt=\"\"> y obt\u00e9n m\u00e1s informaci\u00f3n.<\/P>\r\n\t\t<\/div>\r\n\t\t<ul class=\"dimensions\">\r\n\t\t\t<li class=\"ofices\">Oficinas y Centro de Distribuci\u00f3n<\/li>\r\n\t\t\t<li class=\"distri\">Distribuidores<\/li>\r\n\t\t\t<li class=\"aliados\">Aliados Estrat\u00e9gicos de Venta y Sourcing<\/li>\r\n\t\t<\/ul>\r\n\t<\/div>\r\n\r\n<\/div>\t\t\t\t<\/div>\n\t\t\t\t<\/div>\n\t\t\t\t\t<\/div>\n\t\t\t\t<\/div>\n\t\t\t\t<\/div>\n\t\t\t\t\t<\/div>\n\t\t\t\t<\/div>\n\t\t<div class=\"elementor-element elementor-element-c9c4ea8 e-flex e-con-boxed e-con e-parent\" data-id=\"c9c4ea8\" data-element_type=\"container\" data-e-type=\"container\" data-settings=\"{&quot;_ha_eqh_enable&quot;:false}\">\n\t\t\t\t\t<div class=\"e-con-inner\">\n\t\t\t\t<div class=\"elementor-element elementor-element-07851c1 elementor-widget elementor-widget-text-editor\" data-id=\"07851c1\" data-element_type=\"widget\" data-e-type=\"widget\" data-widget_type=\"text-editor.default\">\n\t\t\t\t<div class=\"elementor-widget-container\">\n\t\t\t\t\t\t\t\t\t<p class=\"negrita-oficinas\">OFICINAS Y CENTROS DE DISTRIBUCI\u00d3N:<\/p><p class=\"centro tama\u00f1o-reducido\">China<\/p>\t\t\t\t\t\t\t\t<\/div>\n\t\t\t\t<\/div>\n\t\t\t\t<div class=\"elementor-element elementor-element-48ac7b5 elementor-widget elementor-widget-spacer\" data-id=\"48ac7b5\" data-element_type=\"widget\" data-e-type=\"widget\" data-widget_type=\"spacer.default\">\n\t\t\t\t<div class=\"elementor-widget-container\">\n\t\t\t\t\t\t\t<div class=\"elementor-spacer\">\n\t\t\t<div class=\"elementor-spacer-inner\"><\/div>\n\t\t<\/div>\n\t\t\t\t\t\t<\/div>\n\t\t\t\t<\/div>\n\t\t\t\t\t<\/div>\n\t\t\t\t<\/div>\n\t\t<div class=\"elementor-element elementor-element-0577f15 e-con-full e-flex e-con e-parent\" data-id=\"0577f15\" data-element_type=\"container\" data-e-type=\"container\" data-settings=\"{&quot;background_background&quot;:&quot;classic&quot;,&quot;_ha_eqh_enable&quot;:false}\">\n\t\t<div class=\"elementor-element elementor-element-b08da32 e-con-full e-flex e-con e-child\" data-id=\"b08da32\" data-element_type=\"container\" data-e-type=\"container\" data-settings=\"{&quot;background_background&quot;:&quot;classic&quot;,&quot;_ha_eqh_enable&quot;:false}\">\n\t\t\t\t<div class=\"elementor-element elementor-element-7ffe759 elementor-widget elementor-widget-text-editor\" data-id=\"7ffe759\" data-element_type=\"widget\" data-e-type=\"widget\" data-widget_type=\"text-editor.default\">\n\t\t\t\t<div class=\"elementor-widget-container\">\n\t\t\t\t\t\t\t\t\t<p><strong>Qingdao,<\/strong><\/p><p>China<\/p>\t\t\t\t\t\t\t\t<\/div>\n\t\t\t\t<\/div>\n\t\t\t\t<\/div>\n\t\t<div class=\"elementor-element elementor-element-38fe2be e-con-full e-flex e-con e-child\" data-id=\"38fe2be\" data-element_type=\"container\" data-e-type=\"container\" data-settings=\"{&quot;_ha_eqh_enable&quot;:false}\">\n\t\t<div class=\"elementor-element elementor-element-47cfe20 e-con-full e-flex e-con e-child\" data-id=\"47cfe20\" data-element_type=\"container\" data-e-type=\"container\" data-settings=\"{&quot;background_background&quot;:&quot;classic&quot;,&quot;_ha_eqh_enable&quot;:false}\">\n\t\t<div class=\"elementor-element elementor-element-5e5065b e-con-full e-flex e-con e-child\" data-id=\"5e5065b\" data-element_type=\"container\" data-e-type=\"container\" data-settings=\"{&quot;background_background&quot;:&quot;classic&quot;,&quot;_ha_eqh_enable&quot;:false}\">\n\t\t\t\t<div class=\"elementor-element elementor-element-a35d197 elementor-widget-divider--view-line elementor-widget elementor-widget-divider\" data-id=\"a35d197\" data-element_type=\"widget\" data-e-type=\"widget\" data-widget_type=\"divider.default\">\n\t\t\t\t<div class=\"elementor-widget-container\">\n\t\t\t\t\t\t\t<div class=\"elementor-divider\">\n\t\t\t<span class=\"elementor-divider-separator\">\n\t\t\t\t\t\t<\/span>\n\t\t<\/div>\n\t\t\t\t\t\t<\/div>\n\t\t\t\t<\/div>\n\t\t\t\t<div class=\"elementor-element elementor-element-2441bdb elementor-widget elementor-widget-heading\" data-id=\"2441bdb\" data-element_type=\"widget\" data-e-type=\"widget\" data-widget_type=\"heading.default\">\n\t\t\t\t<div class=\"elementor-widget-container\">\n\t\t\t\t\t<h2 class=\"elementor-heading-title elementor-size-default\">VIMA WORLD CHINA<\/h2>\t\t\t\t<\/div>\n\t\t\t\t<\/div>\n\t\t\t\t<\/div>\n\t\t\t\t<\/div>\n\t\t<div class=\"elementor-element elementor-element-97c6f89 e-con-full e-flex e-con e-child\" data-id=\"97c6f89\" data-element_type=\"container\" data-e-type=\"container\" data-settings=\"{&quot;background_background&quot;:&quot;classic&quot;,&quot;_ha_eqh_enable&quot;:false}\">\n\t\t<div class=\"elementor-element elementor-element-66c83c6 e-con-full e-flex e-con e-child\" data-id=\"66c83c6\" data-element_type=\"container\" data-e-type=\"container\" data-settings=\"{&quot;_ha_eqh_enable&quot;:false}\">\n\t\t<div class=\"elementor-element elementor-element-c2ef8e6 e-grid e-con-full e-con e-child\" data-id=\"c2ef8e6\" data-element_type=\"container\" data-e-type=\"container\" data-settings=\"{&quot;_ha_eqh_enable&quot;:false}\">\n\t\t<div class=\"elementor-element elementor-element-80ade44 e-con-full e-flex e-con e-child\" data-id=\"80ade44\" data-element_type=\"container\" data-e-type=\"container\" data-settings=\"{&quot;_ha_eqh_enable&quot;:false}\">\n\t\t\t\t<div class=\"elementor-element elementor-element-a535504 elementor-widget__width-initial elementor-widget elementor-widget-text-editor\" data-id=\"a535504\" data-element_type=\"widget\" data-e-type=\"widget\" data-widget_type=\"text-editor.default\">\n\t\t\t\t<div class=\"elementor-widget-container\">\n\t\t\t\t\t\t\t\t\t<div style=\"display: flex; align-items: center;\">\n  <span style=\"color: var(--e-global-color-text); font-family: inherit; font-size: inherit; font-style: inherit; font-variant-ligatures: inherit; font-variant-caps: inherit; font-weight: inherit; letter-spacing: var(--theme-letter-spacing); text-transform: var(--theme-text-transform);\">\n    <img loading=\"lazy\" decoding=\"async\" class=\"wp-image-15440\" src=\"https:\/\/vimafoods.com\/wp-content\/uploads\/2024\/09\/UBI-1.png\" alt=\"\" width=\"70\" height=\"72\" style=\"margin-right: 0; vertical-align: middle;\" srcset=\"https:\/\/vimafoods.com\/wp-content\/uploads\/2024\/09\/UBI-1.png 48w, https:\/\/vimafoods.com\/wp-content\/uploads\/2024\/09\/UBI-1-12x12.png 12w\" sizes=\"auto, (max-width: 70px) 100vw, 70px\" \/> <!-- Tama\u00f1o del \u00edcono aumentado -->\n  <\/span>\n  <p style=\"font-weight: 400; margin: 0; padding-left: 20px; text-align: left; line-height: 1.2;\">\n    Suite 1026, Commercial Hall A (CBD 39 Carat WanDa Plaza) 37 Lian yun gang Rd Qingdao 266034, China.\n  <\/p>\n<\/div>\n\t\t\t\t\t\t\t\t<\/div>\n\t\t\t\t<\/div>\n\t\t\t\t<\/div>\n\t\t<div class=\"elementor-element elementor-element-be942e7 e-con-full e-flex e-con e-child\" data-id=\"be942e7\" data-element_type=\"container\" data-e-type=\"container\" data-settings=\"{&quot;_ha_eqh_enable&quot;:false}\">\n\t\t\t\t<div class=\"elementor-element elementor-element-b9d84b5 elementor-widget elementor-widget-text-editor\" data-id=\"b9d84b5\" data-element_type=\"widget\" data-e-type=\"widget\" data-widget_type=\"text-editor.default\">\n\t\t\t\t<div class=\"elementor-widget-container\">\n\t\t\t\t\t\t\t\t\t<p><img loading=\"lazy\" decoding=\"async\" class=\"wp-image-15442 alignnone\" src=\"https:\/\/vimafoods.com\/wp-content\/uploads\/2024\/09\/icon-telefono.png\" alt=\"\" width=\"31\" height=\"32\" srcset=\"https:\/\/vimafoods.com\/wp-content\/uploads\/2024\/09\/icon-telefono.png 48w, https:\/\/vimafoods.com\/wp-content\/uploads\/2024\/09\/icon-telefono-12x12.png 12w\" sizes=\"auto, (max-width: 31px) 100vw, 31px\" \/> +<span style=\"font-weight: 400;\">86 532-5556 3867<\/span><\/p><p><img loading=\"lazy\" decoding=\"async\" class=\"wp-image-15442 alignnone\" src=\"https:\/\/vimafoods.com\/wp-content\/uploads\/2024\/09\/icon-telefono.png\" alt=\"\" width=\"31\" height=\"32\" srcset=\"https:\/\/vimafoods.com\/wp-content\/uploads\/2024\/09\/icon-telefono.png 48w, https:\/\/vimafoods.com\/wp-content\/uploads\/2024\/09\/icon-telefono-12x12.png 12w\" sizes=\"auto, (max-width: 31px) 100vw, 31px\" \/> <span style=\"font-weight: 400;\">+86 532-5556 3868<\/span><\/p>\t\t\t\t\t\t\t\t<\/div>\n\t\t\t\t<\/div>\n\t\t\t\t<\/div>\n\t\t<div class=\"elementor-element elementor-element-13d066a e-con-full e-flex e-con e-child\" data-id=\"13d066a\" data-element_type=\"container\" data-e-type=\"container\" data-settings=\"{&quot;_ha_eqh_enable&quot;:false}\">\n\t\t\t\t<div class=\"elementor-element elementor-element-560dbce elementor-widget elementor-widget-button\" data-id=\"560dbce\" data-element_type=\"widget\" data-e-type=\"widget\" data-widget_type=\"button.default\">\n\t\t\t\t<div class=\"elementor-widget-container\">\n\t\t\t\t\t\t\t\t\t<div class=\"elementor-button-wrapper\">\n\t\t\t\t\t<a class=\"elementor-button elementor-button-link elementor-size-sm\" href=\"#elementor-action%3Aaction%3Dpopup%3Aopen%26settings%3DeyJpZCI6IjIwNzA2IiwidG9nZ2xlIjpmYWxzZX0%3D\">\n\t\t\t\t\t\t<span class=\"elementor-button-content-wrapper\">\n\t\t\t\t\t\t\t\t\t<span class=\"elementor-button-text\">CONT\u00c1CTENOS<\/span>\n\t\t\t\t\t<\/span>\n\t\t\t\t\t<\/a>\n\t\t\t\t<\/div>\n\t\t\t\t\t\t\t\t<\/div>\n\t\t\t\t<\/div>\n\t\t\t\t<\/div>\n\t\t\t\t<\/div>\n\t\t\t\t<\/div>\n\t\t\t\t<\/div>\n\t\t\t\t<\/div>\n\t\t\t\t<\/div>\n\t\t<div class=\"elementor-element elementor-element-f9226c8 e-flex e-con-boxed e-con e-parent\" data-id=\"f9226c8\" data-element_type=\"container\" data-e-type=\"container\" data-settings=\"{&quot;_ha_eqh_enable&quot;:false}\">\n\t\t\t\t\t<div class=\"e-con-inner\">\n\t\t\t\t<div class=\"elementor-element elementor-element-aca87b6 elementor-widget elementor-widget-spacer\" data-id=\"aca87b6\" data-element_type=\"widget\" data-e-type=\"widget\" data-widget_type=\"spacer.default\">\n\t\t\t\t<div class=\"elementor-widget-container\">\n\t\t\t\t\t\t\t<div class=\"elementor-spacer\">\n\t\t\t<div class=\"elementor-spacer-inner\"><\/div>\n\t\t<\/div>\n\t\t\t\t\t\t<\/div>\n\t\t\t\t<\/div>\n\t\t\t\t\t<\/div>\n\t\t\t\t<\/div>\n\t\t<div class=\"elementor-element elementor-element-4f40e8fc e-con-full e-flex e-con e-parent\" data-id=\"4f40e8fc\" data-element_type=\"container\" data-e-type=\"container\" id=\"newsletter\" data-settings=\"{&quot;background_background&quot;:&quot;classic&quot;,&quot;_ha_eqh_enable&quot;:false}\">\n\t\t<div class=\"elementor-element elementor-element-308bbfa5 e-flex e-con-boxed e-con e-child\" data-id=\"308bbfa5\" data-element_type=\"container\" data-e-type=\"container\" data-settings=\"{&quot;_ha_eqh_enable&quot;:false}\">\n\t\t\t\t\t<div class=\"e-con-inner\">\n\t\t\t\t<div class=\"elementor-element elementor-element-5fa373a5 elementor-widget elementor-widget-text-editor\" data-id=\"5fa373a5\" data-element_type=\"widget\" data-e-type=\"widget\" data-widget_type=\"text-editor.default\">\n\t\t\t\t<div class=\"elementor-widget-container\">\n\t\t\t\t\t\t\t\t\t<div class=\"info_newsletter\"><div class=\"title\"><img decoding=\"async\" class=\"\" src=\"https:\/\/vimafoods.com\/wp-content\/uploads\/2024\/08\/icon-newsletter.svg\" alt=\"\" \/><strong>NEWSLETTER<\/strong><\/div><div class=\"description\"><p>Suscr\u00edbete y descubre nuestros\u2028productos, recetas y m\u00e1s.<\/p><\/div><\/div>\t\t\t\t\t\t\t\t<\/div>\n\t\t\t\t<\/div>\n\t\t\t\t\t<\/div>\n\t\t\t\t<\/div>\n\t\t<div class=\"elementor-element elementor-element-56c69d4e e-flex e-con-boxed e-con e-child\" data-id=\"56c69d4e\" data-element_type=\"container\" data-e-type=\"container\" data-settings=\"{&quot;_ha_eqh_enable&quot;:false}\">\n\t\t\t\t\t<div class=\"e-con-inner\">\n\t\t\t\t<div class=\"elementor-element elementor-element-5d086bd9 elementor-button-align-center elementor-widget elementor-widget-form\" data-id=\"5d086bd9\" data-element_type=\"widget\" data-e-type=\"widget\" data-settings=\"{&quot;button_width&quot;:&quot;20&quot;,&quot;step_next_label&quot;:&quot;Next&quot;,&quot;step_previous_label&quot;:&quot;Previous&quot;,&quot;button_width_mobile&quot;:&quot;100&quot;,&quot;step_type&quot;:&quot;number_text&quot;,&quot;step_icon_shape&quot;:&quot;circle&quot;}\" data-widget_type=\"form.default\">\n\t\t\t\t<div class=\"elementor-widget-container\">\n\t\t\t\t\t\t\t<form class=\"elementor-form\" method=\"post\" name=\"News\" aria-label=\"News\">\n\t\t\t<input type=\"hidden\" name=\"post_id\" value=\"4527\"\/>\n\t\t\t<input type=\"hidden\" name=\"form_id\" value=\"5d086bd9\"\/>\n\t\t\t<input type=\"hidden\" name=\"referer_title\" value=\"China\" \/>\n\n\t\t\t\t\t\t\t<input type=\"hidden\" name=\"queried_id\" value=\"4527\"\/>\n\t\t\t\n\t\t\t<div class=\"elementor-form-fields-wrapper elementor-labels-\">\n\t\t\t\t\t\t\t\t<div class=\"elementor-field-type-text elementor-field-group elementor-column elementor-field-group-name elementor-col-20\">\n\t\t\t\t\t\t\t\t\t\t\t\t<label for=\"form-field-name\" class=\"elementor-field-label elementor-screen-only\">\n\t\t\t\t\t\t\t\tNombre\t\t\t\t\t\t\t<\/label>\n\t\t\t\t\t\t\t\t\t\t\t\t\t\t<input size=\"1\" type=\"text\" name=\"form_fields[name]\" id=\"form-field-name\" class=\"elementor-field elementor-size-lg  elementor-field-textual\" placeholder=\"Nombre\">\n\t\t\t\t\t\t\t\t\t\t\t<\/div>\n\t\t\t\t\t\t\t\t<div class=\"elementor-field-type-email elementor-field-group elementor-column elementor-field-group-email elementor-col-60 elementor-field-required\">\n\t\t\t\t\t\t\t\t\t\t\t\t<label for=\"form-field-email\" class=\"elementor-field-label elementor-screen-only\">\n\t\t\t\t\t\t\t\tCorreo electr\u00f3nico\t\t\t\t\t\t\t<\/label>\n\t\t\t\t\t\t\t\t\t\t\t\t\t\t<input size=\"1\" type=\"email\" name=\"form_fields[email]\" id=\"form-field-email\" class=\"elementor-field elementor-size-lg  elementor-field-textual\" placeholder=\"Correo electr\u00f3nico\" required=\"required\">\n\t\t\t\t\t\t\t\t\t\t\t<\/div>\n\t\t\t\t\t\t\t\t<div class=\"elementor-field-group elementor-column elementor-field-type-submit elementor-col-20 e-form__buttons elementor-sm-100\">\n\t\t\t\t\t<button class=\"elementor-button elementor-size-sm\" type=\"submit\">\n\t\t\t\t\t\t<span class=\"elementor-button-content-wrapper\">\n\t\t\t\t\t\t\t\t\t\t\t\t\t\t\t\t\t\t\t\t\t\t<span class=\"elementor-button-text\">Enviar<\/span>\n\t\t\t\t\t\t\t\t\t\t\t\t\t<\/span>\n\t\t\t\t\t<\/button>\n\t\t\t\t<\/div>\n\t\t\t<\/div>\n\t\t<\/form>\n\t\t\t\t\t\t<\/div>\n\t\t\t\t<\/div>\n\t\t\t\t\t<\/div>\n\t\t\t\t<\/div>\n\t\t\t\t<\/div>\n\t\t\t\t<\/div>\n\t\t","protected":false},"excerpt":{"rendered":"<p>PRESENCIA INTERNACIONAL Contamos con empresas e instalaciones propias en varios pa\u00edses, lo que nos permite ofrecer un servicio de primer nivel cercano a nuestros clientes. Trabajamos directamente con F\u00e1bricas y Proveedores en m\u00e1s de 40 pa\u00edses, lo que refuerza nuestra posici\u00f3n global y asegura nuestra capacidad para identificar los productos de la mejor calidad para [&hellip;]<\/p>\n","protected":false},"author":1,"featured_media":15628,"parent":0,"menu_order":0,"comment_status":"closed","ping_status":"closed","template":"","meta":{"nf_dc_page":"","footnotes":""},"class_list":["post-4527","page","type-page","status-publish","has-post-thumbnail","hentry"],"blocksy_meta":[],"_links":{"self":[{"href":"https:\/\/vimafoods.com\/eng\/wp-json\/wp\/v2\/pages\/4527","targetHints":{"allow":["GET"]}}],"collection":[{"href":"https:\/\/vimafoods.com\/eng\/wp-json\/wp\/v2\/pages"}],"about":[{"href":"https:\/\/vimafoods.com\/eng\/wp-json\/wp\/v2\/types\/page"}],"author":[{"embeddable":true,"href":"https:\/\/vimafoods.com\/eng\/wp-json\/wp\/v2\/users\/1"}],"replies":[{"embeddable":true,"href":"https:\/\/vimafoods.com\/eng\/wp-json\/wp\/v2\/comments?post=4527"}],"version-history":[{"count":0,"href":"https:\/\/vimafoods.com\/eng\/wp-json\/wp\/v2\/pages\/4527\/revisions"}],"wp:featuredmedia":[{"embeddable":true,"href":"https:\/\/vimafoods.com\/eng\/wp-json\/wp\/v2\/media\/15628"}],"wp:attachment":[{"href":"https:\/\/vimafoods.com\/eng\/wp-json\/wp\/v2\/media?parent=4527"}],"curies":[{"name":"wp","href":"https:\/\/api.w.org\/{rel}","templated":true}]}}